the prime factors of q?
2, 7
Let z(r) = r**2 - 4*r - 2. What are the prime factors of z(5)?
3
Let x(t) = 2*t**2 + 4*t + 9. What are the prime factors of x(-5)?
3, 13
What are the prime factors of (212 - 0)/(2/3)?
2, 3, 53
Let j(b) = -b**3 + 6*b**2 + 5*b - 7. List the prime factors of j(6).
23
Suppose 60 = 5*x - 5. Let c = -2 + x. What are the prime factors of c?
11
Suppose -2*g - h + 7 = 0, 3*h - 7 = -3*g - 2*h. Suppose -r - g*r - 33 = -3*p, 55 = 5*p + r. What are the prime factors of p?
11
Let m be 560/(-2)*(-8)/16. List the prime factors of ((-2)/4)/((-5)/m).
2, 7
Suppose -2*n = -5*h - 7, h + 6 = -2*n + 31. List the prime factors of n.
11
Let c = 7 - 9. Let k be 3 - 2 - 2/c. Suppose 0 = -2*x + 3*r + k*r + 17, -39 = -3*x + 3*r. What are the prime factors of x?
2
Let n(y) = 4*y - 2. Let f be n(5). Let t = -10 + f. What are the prime factors of t?
2
Let c be ((-20)/6)/((-2)/6). Suppose -23 = -v + c. What are the prime factors of v?
3, 11
Let w(p) = -17*p + 15. What are the prime factors of w(-4)?
83
Let s = -222 + 341. List the prime factors of s.
7, 17
What are the prime factors of 147/63*4/(-14)*-177?
2, 59
Let b(k) = -4 + 13*k + 6*k - 4*k + 2. Let c be b(-3). What are the prime factors of (-1)/(-4) - c/4?
2, 3
Suppose z + 0*d - 22 = -2*d, 5*z + d = 92. What are the prime factors of (-2)/(-9) - (-158)/z?
3
Suppose -3*r = -2*r - 15. Let p(l) = -l**3 - 6*l**2. Let j be p(-6). Suppose 2*z = -d + r, z - 5*d = -j*z - 9. List the prime factors of z.
2, 3
Let u = -10 - -2. List the prime factors of u/10*(-15)/3.
2
Suppose -3*f + 2*w + 0*w = -81, -9 = -3*w. Let h = -28 + 47. Let v = f - h. What are the prime factors of v?
2, 5
Let n(d) = 2*d**2 + 7*d - 9. Let y(j) = 3*j**2 + 11*j - 13. Let s(g) = 7*n(g) - 5*y(g). List the prime factors of s(-6).
2
Suppose 3*a - 1 - 2 = 0, 0 = -4*w + 5*a - 13. Let c = w + 4. List the prime factors of c.
2
Let f be 0 + (0 - -1)*2. Suppose p = j - 2, -f*j + 0*p - p + 13 = 0. Suppose -6*l + 61 = 3*v - l, 2*l - 70 = -j*v. What are the prime factors of v?
2, 3
Suppose -5 = -2*p - 1. Let b(r) = r**3 + 1. Let c(m) = 3*m**3 - 3*m**2 + 3*m + 2. Let f(t) = -2*b(t) + c(t). What are the prime factors of f(p)?
2
Let b(r) = r**2 + r - 1. Let k be b(2). Let l be (7/(-2))/(1/(-2)). Suppose k + l = 4*p. What are the prime factors of p?
3
Suppose 12 = 4*h - 24. Suppose -2*f + 3*f - h = 0. Suppose 4*a - f = 31. What are the prime factors of a?
2, 5
What are the prime factors of -6*(1 + -15 - 3)?
2, 3, 17
Let p = -14 - -9. Let q = p - -21. What are the prime factors of q?
2
Let t(r) = -r**3 + 6*r**2 + 2*r**3 - 4*r - 4*r**3 + 2*r**3. What are the prime factors of t(4)?
2
Let t = 2 - -1. Suppose -4*m + t*d = 6*d, -3*m = 3*d + 3. Suppose -m = -2*l - 2*v + 3*v, 0 = -l + 4*v - 2. List the prime factors of l.
2
Let a be 1/1 - (-2 + 1). Suppose -4*f - 16 = 0, 4*h - a*f = 130 - 38. What are the prime factors of h?
3, 7
Suppose -3*n = -13*n + 2300. What are the prime factors of n?
2, 5, 23
Let d = 271 + -137. What are the prime factors of d?
2, 67
Suppose 0 = l + t - 9, -3*l = -6*l - 4*t + 24. Suppose -3*r = -2*a + 6*a - 20, 2*a - 4*r = -l. List the prime factors of a.
2
Let d = -5 - 2. Let u = 22 + d. What are the prime factors of u?
3, 5
Suppose 0 = -g - 4, -4*y + g + 10 = -10. Let o = 14 - y. What are the prime factors of o?
2, 5
Let o = -37 - -7. Let z = o + 18. Let t = z - -22. What are the prime factors of t?
2, 5
Let o(m) = 11*m**2 - 9*m - 7. Let b(z) be the first derivative of 5*z**3/3 - 2*z**2 - 3*z + 2. Let u(t) = 5*b(t) - 2*o(t). What are the prime factors of u(-1)?
2
Let p = 48 + 245. What are the prime factors of p?
293
List the prime factors of 336/13 - 6/(-39).
2, 13
Let n = -155 - -245. What are the prime factors of n?
2, 3, 5
Let s = 28 - 10. What are the prime factors of 60/s + 4/6?
2
Let g = 12 - -21. List the prime factors of g.
3, 11
Suppose d - 3*d + 98 = 0. What are the prime factors of d?
7
Suppose -6*t = -t + 95. Let y be t*(-3 + 2) - -3. Suppose 5*s - 23 = y. List the prime factors of s.
3
Suppose -3*c + 239 = -424. List the prime factors of c.
13, 17
Let m(u) = -26*u + 15. What are the prime factors of m(-7)?
197
Suppose 3*m - 114 = -0*m. List the prime factors of m.
2, 19
Let h(i) = i**3 - 5*i**2 + i - 1. What are the prime factors of h(5)?
2
Let g(k) = -k**3 + 2*k**2 + 94. List the prime factors of g(0).
2, 47
Let f(w) = w**2 - 2*w + 9. Let i be f(7). Let m = i + -31. List the prime factors of m.
13
Suppose 4*i - 940 = -4*r, 3*i = 2*r - 111 + 831. What are the prime factors of i?
2, 7, 17
Let w(j) be the second derivative of j**4/8 - j**3/6 + 2*j**2 - j. Let l(g) be the first derivative of w(g). What are the prime factors of l(4)?
11
What are the prime factors of 1/(-4) + ((-399)/(-12) - -3)?
2, 3
Let o be 0 - -2 - (6 - 2). Let u be 82/4 + (-1)/o. Let k = u + -8. List the prime factors of k.
13
Suppose -4 = -3*x + 2*x. List the prime factors of x.
2
Suppose -80 = 5*v + 5*q, 0*v - 73 = 5*v - 2*q. List the prime factors of (-2)/10 - 333/v.
2, 11
Suppose 8 = -3*o - b - 5, 5*b = 3*o - 11. Let a = o - -6. What are the prime factors of a?
3
Let a(p) = 4*p**3 - 2*p**2 - 4*p - 6. List the prime factors of a(4).
2, 101
Let x(g) = g**3 - 12*g**2 - 12*g - 8. Let d be x(13). Suppose 85 = -5*m - d. Let y = m - -28. What are the prime factors of y?
2, 5
Suppose 0 = h + z - 4, -4*z + 12 = -h + 3*h. Suppose 0 = 3*n + h - 11. What are the prime factors of n?
3
Suppose -3*x - 25 = -5*y, -2*x - 3*y = -0*x - 15. Suppose -6*w + 40 = -w. Suppose x*l - w = -4*l. What are the prime factors of l?
2
Suppose 2*h = -14 - 4. Let a = h + 13. List the prime factors of a.
2
Let k(c) = c**2 - 8*c - 4. Let h be k(8). Let m = -8 - h. Let x(j) = -4*j - 5. What are the prime factors of x(m)?
11
Suppose 3*y + 3*h - 101 = 2*h, 148 = 4*y + 4*h. List the prime factors of y.
2
Let f(t) = t. Let c be f(2). Suppose -4*x + q + 6 = 0, 0 = -c*x + x + q. Suppose x*h - 10 = -0. What are the prime factors of h?
5
Suppose -4*m - 2*n + 32 = 0, -m + 38 = 2*m + 5*n. Let r = 9 - m. List the prime factors of r.
3
Let k(m) be the third derivative of -m**6/120 + m**4/24 + m**3/6 - m**2. Let l = -55 + 53. List the prime factors of k(l).
7
Let x(y) = 8*y**2 + 3 - 4*y + 11*y + 1 + y**3. What are the prime factors of x(-7)?
2
Let s = 158 + -105. List the prime factors of s.
53
Let b = 31 - 19. Let t(p) = p**2 - 7*p - 5. Let r be t(8). Suppose q - b - r = 0. List the prime factors of q.
3, 5
Suppose 2*m - 6 = m. List the prime factors of m/(3 + 0) - 0.
2
Let g be 2/(-4) - 3/(-6). Suppose g = -3*r + c + 3 + 11, 4*c = r - 23. List the prime factors of r.
3
Suppose -4*w + 2*u - 55 = 3*u, 0 = -5*w + 2*u - 72. Let s = w + 23. List the prime factors of s.
3
Suppose -2*n + 6*n - 112 = 0. Suppose -3*o - o + n = 0. What are the prime factors of o?
7
Let s(v) = v**3 + 16*v**2 + 15*v + 13. List the prime factors of s(-15).
13
Suppose 2*m - 59 - 37 = 0. What are the prime factors of m?
2, 3
Suppose 2*p = 5*u + 735, 5*p = p + 4*u + 1452. What are the prime factors of p?
2, 3, 5
Suppose -4*f = -2*n + 20, -1 + 3 = -2*f. List the prime factors of n.
2
Let u = 19 - 27. List the prime factors of u/(-12) + 122/6.
3, 7
Suppose 4 = h + 2. Suppose 0 = 3*c - h*u - 90, 13 = 4*u + 1. What are the prime factors of c?
2
Let p(c) = -c. What are the prime factors of p(-14)?
2, 7
Let j = 2 + -3. Let u = 6 + j. Suppose 3*n + 3*b = 3, 0 = -u*n + b - 4*b + 9. List the prime factors of n.
3
Suppose -4*b - 3 + 7 = 0. Let m = 0 + -1. What are the prime factors of (m*b)/((-4)/20)?
5
Let m(k) = -6*k + 15. What are the prime factors of m(-8)?
3, 7
Let v be (0 + 45/(-25))/((-3)/10). Suppose 30 = -0*y + y. Suppose 4*g = y + v. List the prime factors of g.
3
Let q = 44 + 2. List the prime factors of q.
2, 23
Let s(m) = m**3 + 4*m**2 - 4. Let q be s(-3). Suppose -q*w + 3*w + 8 = 0. List the prime factors of w.
2
Let q(o) be the first derivative of 37*o**2/2 - 2*o - 2. What are the prime factors of q(1)?
5, 7
What are the prime factors of (46/(-4))/(-3 - 5/(-2))?
23
Let g = -134 + 262. List the prime factors of g.
2
Let a be 0 + 2 + (-63)/(-3). Suppose -3*x = -2*q - 6, a - 8 = 5*q. What are the prime factors of x?
2
Let n be (-54)/15 + (-10)/25. List the prime factors of 5/(4*(-1)/n).
5
Suppose 0 = 9*j - 10*j + 24. Wh